Calculate the highest common divisor of v and 38378.
62
Let g be 25/5*(38 + -6 + (-3 - -6)). What is the greatest common divisor of g and 245?
35
Let b = 357 + -6. Let l = -76 - -115. Calculate the highest common factor of l and b.
39
Let i(c) = 260*c + 559. Let b be i(12). What is the highest common factor of 13 and b?
13
Let t be 20/(-6)*(2/10 - 2). Suppose -t*v + 0 = -30. Let z be (v - -1)/(-2*(-6)/64). What is the greatest common factor of 8 and z?
8
Let k(a) = -a**2 - 405*a + 393. Let q be k(0). Calculate the greatest common factor of 27 and q.
3
Suppose 0 = -18*o + 14*o + 320. Let i = 57 + -112. Let w = -45 - i. Calculate the highest common factor of w and o.
10
Let g be (1590/(-225))/((-4)/20)*120. What is the greatest common factor of 32 and g?
16
Let z(q) = -q**2 + 12*q + 23. Let p be z(17). Let w = p - -63. Let y = -262 - -270. Calculate the greatest common factor of w and y.
1
Suppose 1 = 3*l - q - 15, 16 = 2*l - 2*q. Calculate the highest common factor of 358 and l.
2
Let s(k) = 2*k**3 - 6*k**2 + k + 13. Let u be s(3). Suppose u*x = x + 225. What is the greatest common divisor of x and 960?
15
Suppose -11*h + 3041 = -3526. Let v = h - 571. Let u be 13/(2*3/30). Calculate the highest common divisor of v and u.
13
Suppose -109*c + 113*c = 12*y - 1116, 3*y + 2*c - 252 = 0. Calculate the highest common divisor of y and 15705.
45
Let u be -24*595/84*-4. What is the greatest common factor of 4 and u?
4
Suppose -x = h + 51 - 418, h - 7 = 0. What is the highest common divisor of x and 1395?
45
Let p be ((-18)/(-10))/(10 + (-8 - (-485)/(-250))). What is the highest common divisor of p and 906?
6
Suppose -b = 3*l - 0 + 1, -4*b = -4*l - 28. Suppose -d - 615 - 121 = -b*x, -4*d - 576 = -4*x. Calculate the greatest common divisor of 111 and x.
37
Let k = 19 - 8. Suppose 225 + 215 = -10*t. Let a be -21*(0 + t/12). What is the greatest common divisor of k and a?
11
Let w be 2*2 - (-2)/(-2). Let i be 288 - 2 - ((-2 - -2) + w). Suppose -7*h + i = -32. Calculate the highest common factor of 18 and h.
9
Suppose 0 = 12*o - 26*o + 1736. Suppose 4*c + 4*d - o = 0, -4*d + 14 + 17 = c. What is the highest common divisor of 279 and c?
31
Let f = -8625 - -8827. What is the highest common divisor of f and 22?
2
Let r(l) = 4*l**2 - 2*l + 8. Suppose -3*y - 3*o = 5 + 4, -2*y - 4*o = 0. Let v be r(y). Calculate the highest common factor of 123 and v.
41
Suppose 0*q - 2*q = 2*l, -4*l = 16. Suppose -2*o + 4*m = 7 - 49, -o = q*m + 9. Let a = 91 + -90. What is the greatest common divisor of o and a?
1
Let h be (-17 + 1)*(-1)/(-1). Let l be 28*((-132)/h - 8). Let q = 215 - 124. What is the highest common divisor of l and q?
7
Suppose 5*j - 3*n = 219, 100 = 2*j + 8*n - 3*n. Let v = -39 + j. Suppose -10*q + 9*q + 6 = 0. What is the greatest common divisor of q and v?
6
Let p(u) be the first derivative of u**3 - 3*u**2/2 + 2*u - 155. Let x be p(2). What is the greatest common divisor of 4 and x?
4
Let o(q) = -186*q - 48. Let v be o(-6). Let c be 3/4 + -1 + v/48. Calculate the highest common factor of 4 and c.
2
Suppose 0 = 67*j + 2605 - 71749. What is the highest common factor of 430 and j?
86
Suppose -5*b + 435 = -4*k, 6*b - 174 = 4*b - 2*k. Calculate the greatest common divisor of 1276 and b.
29
Let h(t) = t**3 + 6*t**2 + 4*t - 1. Let l be h(-3). Suppose 23*w - 819 = l*w. Calculate the highest common divisor of 52 and w.
13
Suppose 5*i = -5*a + 2905, 2*i - 4*a - 759 = 397. What is the greatest common divisor of i and 80?
20
Let v(d) = 12*d**2 - 47*d - 339. Let i be v(-5). What is the highest common divisor of i and 735?
49
Let m(z) = 2*z**2 + 27*z + 50. Let b be m(-16). Suppose 5*h - 10*y = -5*y + b, -h + 4*y + 17 = 0. What is the greatest common divisor of 145 and h?
29
Let f(b) = -b + 17. Let n be f(8). Let z be n/6 - 5/(-10). Suppose q - 34 = 4*r, z*q = q - 5*r + 34. What is the highest common divisor of q and 17?
17
Let i be 1 + -1 + -339 + 2. Let m = i - -347. What is the highest common divisor of 1 and m?
1
Let m be (363/(-22) + 6)*(-2)/3. Let f be -2 + m/14*508. What is the highest common divisor of f and 2?
2
Let o = 3109 - 2659. Calculate the greatest common divisor of 70 and o.
10
Let z(g) = -40*g - 5. Let h be z(-2). Let d = 138 - -126. Let k = d - 214. What is the greatest common factor of h and k?
25
Let s(b) = -10*b**3 - 5*b**2 + 4*b + 2. Let o be s(-4). Suppose 0*y = 3*y - o. Suppose 0 = -8*i + 58 + y. What is the highest common divisor of 240 and i?
30
Suppose -2*w + 21*z = 25*z - 37720, 75349 = 4*w - 5*z. What is the highest common divisor of 54 and w?
54
Let y be (-11)/((-1210)/(-180))*-33. What is the greatest common divisor of y and 4671?
27
Let f(g) = -g**2 - 102*g - 1437. Let p be f(-59). What is the highest common factor of p and 792?
44
Suppose -4*j + 8*j - 56 = 0. Let x be j/49 - (-1970)/14. Suppose -249 = -10*u + x. Calculate the highest common factor of 13 and u.
13
Suppose -u + 7 = -7. Let j be (-53)/8 + 150/(-400). Let k be 105 - ((0 - j) + 0). What is the greatest common divisor of u and k?
14
Let m(g) = -13*g**3 - g**2 - 23*g - 53. Let z be m(-4). What is the highest common divisor of 720 and z?
45
Let l = 30 + -35. Let m(s) = -10*s**2 + 2*s + 3. Let a be m(l). Let f = 437 + a. What is the greatest common factor of 15 and f?
15
Suppose -3*r - 87 = -777. Let z(p) = -p**3 - 19*p**2 - 105*p - 55. Let w be z(-7). What is the highest common factor of w and r?
46
Suppose -f + a = -318 + 92, -3*f = -4*a - 683. What is the greatest common factor of 51 and f?
17
Let h = 7483 - -10725. What is the highest common factor of h and 32?
32
Let m(h) = 9*h - 82. Let i be m(9). Let p = i + 106. Calculate the greatest common factor of p and 75.
15
Suppose -2*y - 304 = -3*b, 244 = 2*b + y + 46. Suppose 0 = -40*j + 6786 - 1186. Calculate the greatest common divisor of b and j.
20
Let z = -1268 - -2409. Calculate the highest common divisor of 163 and z.
163
Let w = 140 + -95. Suppose 0 = -3*l + 3*s + 183, 0 = 2*l + 5544*s - 5540*s - 80. What is the highest common divisor of w and l?
9
Let l be 1 - -69*10/15. Suppose 4*w + 7 = l. Suppose 13 = -m + 5*p, -5*m = -w*m + 2*p + 27. What is the highest common factor of 14 and m?
7
Let l = 7070 + -6950. Calculate the highest common factor of l and 408.
24
Let i = -303 + 364. What is the greatest common factor of 2 and i?
1
Suppose 3*x - 8*x = -3*w + 35, -x + 21 = 5*w. Let t(y) = -9*y + 9. Let l be t(x). Let k = l + -36. Calculate the greatest common factor of 171 and k.
9
Let a(y) = 5*y + 1. Let f be a(1). Suppose -f*b = -12*b + 18. Let k(d) = 5*d**3 - d**2 - d - 4. Let w be k(b). What is the greatest common divisor of 17 and w?
17
Suppose 9112 = 66*k - 100976. Calculate the greatest common divisor of k and 24.
12
Let y = 57 + -120. Let k = -392 - y. Let v = -233 - k. What is the greatest common factor of v and 12?
12
Let x(u) = -486*u - 4024. Let t be x(-13). Calculate the greatest common divisor of 518 and t.
74
Let z = 1195 + -1186. Let f be (-6 + 0)/(4/(-90)). What is the highest common factor of f and z?
9
Let q be 4570/1 + 0/(-37). Calculate the highest common factor of q and 10.
10
Let d be 0 + 1 + (96 - 92). Suppose 781 = -v - 2*x + 1923, 4*v = d*x + 4529. What is the highest common divisor of 71 and v?
71
Suppose -64*a + 59*a - 75 = 0. Let s be (a/6 + 2)*(3 + -33). Let n(d) = -d**2 + 20*d + 5. Let x be n(10). Calculate the highest common divisor of s and x.
15
Let z be (-6)/18*-1059 + -9. What is the greatest common divisor of 946 and z?
86
Let n(r) = -2*r + 3. Let h be -3 + (3 - (0 - -15)). Let b be n(h). Suppose -6*d = -736 - 254. What is the highest common factor of b and d?
33
Suppose -10 = -2*m, 0*m = -d - 3*m + 15. Suppose g + d = 3. What is the greatest common divisor of g and 27?
3
Let g(r) = 3*r**2 - 2*r + 2. Let i be g(2). Let k = i + -47. Let h = k + 77. Calculate the greatest common divisor of 40 and h.
40
Let n be -10 + (23 - (-17 + 12)). What is the highest common factor of n and 900?
18
Let z = -1343 - -1347. Suppose 0*h + 26 = h + 2*m, -3*m - 115 = -4*h. Calculate the greatest common divisor of z and h.
4
Let k be 25 - 10/((-50)/35). Let x be 10*3/6 - (1 - k). Calculate the highest common factor of x and 45.
9
Suppose n - 472 = 9*n. Let t = n + 62. Calculate the highest common factor of t 